hat are the prime factors of p?
2
Suppose 4*a = u + 20, 4*a + u - 10 = 2*a. Suppose 5 = a*s - 0. Suppose 2*o - s = 3*k + 9, 3*o - 29 = k. List the prime factors of o.
11
Let b(q) = q**2 - 5*q - 2. Let m(g) = -g**2 + 5*g + 6. Let x be m(6). Suppose -3*n + x*n = -21. What are the prime factors of b(n)?
2, 3
Suppose 2*q = 3*q. Suppose 0*c + 4*c = 4*t - 4, -3*t = -c - 9. Suppose -5*v = 2*k - c, q = 5*k - v - 13 - 8. List the prime factors of k.
2
Let j be 66/18 - (-2)/6. Suppose -j*d = -2*o - 7*d + 23, -10 = -2*d. Let l = o - -2. What are the prime factors of l?
2, 3
Let n(q) = -q**2 + 14*q + 4. List the prime factors of n(10).
2, 11
Suppose -3*t + 5*s = -t + 1, -3*s = 3*t - 9. Suppose -w + 5*r - 11 + 54 = 0, 4*r + t = -w. Suppose -l + 4*l = w. List the prime factors of l.
2, 3
Let r = -7 + 10. Suppose 20 = o - 5*f, r*f = 4*o - 31 - 15. List the prime factors of o.
2, 5
Suppose -4*j + 7 = -13. Suppose 0*l + 70 = j*l. What are the prime factors of l?
2, 7
Let q be (-6)/8 + (-5)/4. Let y = q - -10. What are the prime factors of y?
2
Let d(a) = -a - 7. What are the prime factors of d(-22)?
3, 5
Let y = 0 + 3. List the prime factors of y.
3
List the prime factors of 1/(-4*(-4)/752).
47
Suppose -4*x + 88 + 140 = 0. List the prime factors of x.
3, 19
Let a(c) = 3*c**2 + 2*c + 1. Let u be a(-1). Let m = u + -2. Suppose m = -3*i + 2 + 16. List the prime factors of i.
2, 3
Let a(g) = g**2 + 16*g - 10. List the prime factors of a(-18).
2, 13
Let f be ((-18)/(-3) - 2)/2. List the prime factors of 9/(2 + 1)*f.
2, 3
Suppose 2*s - 2*r - 114 = 3*r, -s + 57 = -3*r. What are the prime factors of (10/(-15))/((-2)/s)?
19
Suppose 4*l + j - 5 = 0, 3*l + 3*j + 4 = 1. List the prime factors of (22 - -7)*(-1 + l).
29
Let x(m) = m - 8. Let t be x(7). Let s be (t + -1)*1 + 6. Suppose 0 = -s*c + 44 - 16. What are the prime factors of c?
7
Let c(b) = 12*b**2 + 5*b + 4. What are the prime factors of c(-1)?
11
Suppose 19 = 4*o - r + 48, -15 = -3*r. Let h = -9 - o. What are the prime factors of -3 - h - 3*-1?
3
Let g = 131 + -30. List the prime factors of g.
101
What are the prime factors of ((-276)/(-5))/((-2)/(-10))?
2, 3, 23
Let f(o) = 2*o - 2. Let j = 57 + -40. Suppose -3*d = -4*h + j, 5*d = 3*h - h - 5. What are the prime factors of f(h)?
2
Suppose 4*p - 12 = p. Suppose 4*i + p*y = 60, -3*i + 19 = -2*i - y. What are the prime factors of i?
17
Suppose -4 = -s - 3*s. Let z be 2 + (2 - 7/s). List the prime factors of ((-2)/z)/(3/36).
2
Let k = 34 - 24. Suppose 0 = -2*z - 8 - k. Let u(t) = t**2 + 8*t - 2. List the prime factors of u(z).
7
Let b = 11 - 8. Let j be b/(-6) - (-30)/(-4). Let q = 13 + j. What are the prime factors of q?
5
Let s(b) = -b**3 + 2*b**2 - 2*b + 3. Let j be s(2). Let p be 3*j/((-3)/4). Suppose -5*n = 5*c + 10, 3*c - p*n - 24 = -c. What are the prime factors of c?
2
Suppose -c = -57 - 18. List the prime factors of c.
3, 5
Let g = 16 - 13. Suppose g*r + 4*v + 125 = 8*r, 0 = -r + 5*v + 25. What are the prime factors of r?
5
Let u be 2/9 - (-68)/18. Suppose r - 28 = -u*f, -4*r + 28 = -3*r - 3*f. List the prime factors of r.
2, 7
Let d(t) = -3*t. Let c be 1/((-3 - -3) + -1). Let w(r) = r. Let i(a) = c*d(a) - 4*w(a). What are the prime factors of i(-11)?
11
List the prime factors of 12/(-21) + (-7160)/(-35).
2, 3, 17
Suppose 2*x - 13 - 81 = 0. What are the prime factors of x?
47
List the prime factors of 2/6 - 17/(-3).
2, 3
Let b(f) = f**3 + 8*f**2 + 7*f + 10. Let m be b(-7). Suppose 0*s = 2*p - 2*s - 14, m = 4*p + 2*s. List the prime factors of p.
2
Let f(j) = -j**3 - 4*j**2 + 4*j - 7. Let g be f(-5). Let v(b) = -7*b - 3. What are the prime factors of v(g)?
11
Let c(f) = 2*f**2 - 5*f. Let l(z) = z**2 - 3*z. Let w(r) = 5*c(r) - 8*l(r). Let x be w(-1). Suppose -x - 1 = -b. What are the prime factors of b?
2
Let p(f) = -4*f**3 + 3*f**2 + 2*f + 2. List the prime factors of p(-2).
2, 3, 7
Let p be 279/27 + (-1)/3. Suppose p = -3*t - 2. List the prime factors of 0 + 3 + -1 - t.
2, 3
Let z(i) = i**3 - 6*i**2 + i + 7. Let g be z(6). Let y = g + 5. What are the prime factors of y?
2, 3
Let o = 83 + -36. What are the prime factors of o?
47
Suppose x + 4*d - 149 = 0, -x + 5*d - 23 = -136. List the prime factors of x.
7, 19
Suppose 4*q + 0*c = 5*c + 6, 5*q = -2*c + 24. Suppose 31 = 5*i - u - 9, -q*i - 3*u = -13. List the prime factors of i.
7
Suppose 2*p - 134 = -4*a + 180, -332 = -2*p + 5*a. What are the prime factors of p?
7, 23
Suppose c + 0*c + 2 = 0. Let u be 2/c + 37 + -1. Suppose 7*n - 2*n - u = 0. What are the prime factors of n?
7
Suppose -c + 2*a = a + 11, 0 = -c + 4*a - 20. Let h(y) = -3*y + 3*y - 4 - y - y. List the prime factors of h(c).
2, 3
Let n be -6 - -7 - (-2 - 4). Let f be -1*3/2*-2. Suppose -h = -f*k + 21, -k + 21 - n = 2*h. What are the prime factors of k?
2
Let z(g) = -g + 7. Let y be z(7). List the prime factors of 9 + -1 + y + 1.
3
Let u(x) = x**2 - 3*x - 1. Let v be u(4). Suppose 0*t + 24 = v*t. What are the prime factors of t?
2
Suppose -3 = 2*u + 11. Let c = -5 - u. List the prime factors of (c/6)/((-3)/(-27)).
3
Suppose v - 5*v + 4 = 0. Let s be (-15)/3*(v + 0). Let o = 20 + s. List the prime factors of o.
3, 5
Let h(z) = z**3 + 3*z**2 - 3*z - 3. Suppose 2*d = -0*d - 8. Let t be h(d). What are the prime factors of (2*-1)/(2/t)?
7
Suppose 3*m - 12 = 0, -5*p - m = -5*m - 189. List the prime factors of p.
41
Suppose 4*l + 8 = 3*t, 2*t = l + 2*l + 5. Let b be (-11 + 5)*(-4)/6. Let s = t + b. What are the prime factors of s?
2
Suppose -h + 4*v = 3*h - 40, -h - 4*v = -15. What are the prime factors of h?
11
Let x(w) = -w**3 + 3*w**2 + 4*w + 4. Let c be x(4). Suppose 3*b + 6*m - 42 = 3*m, 0 = c*b + 2*m - 66. List the prime factors of b.
19
Suppose 4*w = 20 + 4. What are the prime factors of w?
2, 3
Let n be 3/(3 + -6) + 11. Let u be (1 + 0)/((-2)/6). Let g = n - u. List the prime factors of g.
13
Let i be 1/(3*3/234). Let a = i - 4. List the prime factors of a.
2, 11
Let b(s) = -s - 7. Let m be b(-10). Suppose -4*h + h = -m*k - 60, 3*k - 100 = -5*h. List the prime factors of h.
2, 5
Let r = 13 - -37. Suppose g + r = 2*c, 0 = -4*c + 5*g + 132 - 26. What are the prime factors of c?
2, 3
Let q = 12 + 0. Suppose -2*v - n = -6*v - q, 4*v + 4 = -n. List the prime factors of (-2)/((-6)/27) + v.
7
Let z = 12 + 64. List the prime factors of z.
2, 19
Suppose 77 = 5*f - 2*g + 4*g, 0 = 5*f - 2*g - 73. Let x(p) = 2*p**2 + 2*p + 3. Let y be x(3). Let b = y - f. List the prime factors of b.
2, 3
Let g(w) = -w**3 - 4*w**2 - 7*w - 4. Let j be g(-4). Let c = -14 + j. List the prime factors of c.
2, 5
Suppose 2*c + 2 = -6. What are the prime factors of 0*c/12 - -16?
2
Suppose -3*j = 2*j - 15. List the prime factors of j.
3
Suppose b = -2*a + 37, -5*a + a + 84 = 4*b. Suppose 0 = 2*s + 3*y + 2, 0 = 4*s - 9*s + 3*y + a. List the prime factors of s.
2
Let r(c) = -29*c + 1. Suppose -5*j - 23 = -5*u - 3, 5*j + 17 = 4*u. List the prime factors of r(j).
2, 3, 5
Let b(q) = -5*q + 3. Let p be b(-9). Suppose 3*v - p = 27. Suppose 4*u + t = v + 9, 2 = u - 3*t. List the prime factors of u.
2
Suppose -4*y = 4*f - 852, -5*f + 4*f = -2*y + 426. List the prime factors of y.
3, 71
List the prime factors of 4*(-1 - 340/(-16)).
3
Suppose -2*z + 4*d + 28 = 2*d, -2*d = 8. What are the prime factors of z?
2, 5
Let p = -5 - -12. Suppose -p = 3*r + 4*v - 3*v, 0 = -2*v + 4. List the prime factors of (r/1*1)/(-1).
3
Let p = 7 + 12. Suppose -1 = -5*b - 5*r + 54, b + 5*r - p = 0. What are the prime factors of b?
3
Let q(v) = v**2 + v - 38. Let s be q(0). Let t = s + 87. What are the prime factors of t?
7
Suppose -2*w = -6*w. Suppose w*t + t - 27 = 0. List the prime factors of t.
3
Suppose 7*f - 3*f - 12 = 0. List the prime factors of 40/9*f*3.
2, 5
Let w be (63/5)/((-5)/(-25)). Let n = w + -21. List the prime factors of n.
2, 3, 7
Let i(x) be the third derivative of x**5/12 - 5*x**4/24 + x**3/2 + 2*x**2. What are the prime factors of i(3)?
3, 11
Suppose 0 = 2*k - 4*c - 46, 0*c + 67 = 3*k - 5*c. List the prime factors of k.
19
Let y be 2/4 + (-20)/(-8). Suppose q = -y*q - 20. Let g = q - -11. What are the prime factors of g?
2, 3
Suppose -3*t + 278 - 73 = y, 4*y - 3*t = 895. List the prime factors of y.
2, 5, 11
Let w = 13 + 11. Let s = 39 - w. What are the prime factors of s + -2 + (-2 - -1)?